e greatest common divisor of 238 and 23443.
119
Calculate the highest common factor of 85 and 221.
17
What is the greatest common factor of 243 and 567?
81
Calculate the highest common factor of 28 and 833.
7
Calculate the highest common factor of 962 and 148.
74
What is the greatest common factor of 3869 and 106?
53
What is the highest common factor of 26784 and 12?
12
Calculate the greatest common factor of 750 and 210.
30
What is the highest common factor of 15 and 485?
5
Calculate the highest common divisor of 236 and 7493.
59
What is the highest common divisor of 32052 and 36?
12
Calculate the greatest common factor of 11 and 649.
11
Calculate the greatest common factor of 20 and 95.
5
What is the greatest common factor of 6414 and 6?
6
Calculate the greatest common divisor of 5229 and 126.
63
What is the greatest common factor of 171 and 266?
19
What is the highest common divisor of 3838 and 38?
38
Calculate the highest common factor of 9 and 2601.
9
What is the greatest common factor of 1392 and 261?
87
What is the greatest common divisor of 176 and 64?
16
Calculate the highest common divisor of 157 and 23393.
157
Calculate the greatest common factor of 1144 and 312.
104
What is the highest common divisor of 175 and 483?
7
What is the greatest common factor of 2178 and 18?
18
Calculate the highest common factor of 1568 and 3808.
224
What is the highest common factor of 175 and 70?
35
What is the greatest common factor of 104 and 32?
8
What is the greatest common factor of 9 and 179?
1
What is the highest common divisor of 250 and 830?
10
What is the highest common divisor of 234 and 286?
26
What is the greatest common divisor of 79 and 38473?
79
Calculate the greatest common factor of 78 and 1443.
39
What is the highest common factor of 10341 and 135?
27
What is the greatest common divisor of 20 and 70?
10
Calculate the greatest common divisor of 292 and 73.
73
Calculate the highest common divisor of 3696 and 330.
66
Calculate the greatest common divisor of 7945 and 35.
35
What is the highest common factor of 38 and 76?
38
What is the highest common factor of 46 and 184?
46
What is the greatest common divisor of 42093 and 54?
27
Calculate the greatest common factor of 30 and 30.
30
What is the greatest common divisor of 3 and 1524?
3
What is the greatest common factor of 8 and 6?
2
What is the greatest common divisor of 1 and 422?
1
What is the highest common factor of 1479 and 357?
51
What is the greatest common factor of 4964 and 12?
4
What is the greatest common factor of 122 and 1769?
61
What is the highest common factor of 1752 and 292?
292
Calculate the highest common factor of 17466 and 164.
82
What is the greatest common divisor of 39 and 663?
39
Calculate the greatest common factor of 10 and 38.
2
Calculate the greatest common divisor of 297 and 286.
11
Calculate the highest common factor of 3800 and 152.
152
What is the highest common factor of 18 and 2466?
18
What is the highest common factor of 2376 and 480?
24
Calculate the highest common factor of 1517 and 37.
37
Calculate the greatest common divisor of 12700 and 25.
25
What is the greatest common divisor of 33 and 528?
33
What is the highest common divisor of 2668 and 138?
46
What is the greatest common factor of 161 and 322?
161
What is the greatest common divisor of 3854 and 492?
82
What is the highest common divisor of 88 and 24?
8
Calculate the greatest common factor of 4814 and 664.
166
Calculate the greatest common factor of 140 and 11585.
35
Calculate the greatest common factor of 65 and 6929.
13
Calculate the highest common factor of 22 and 3212.
22
What is the highest common divisor of 1470 and 70?
70
What is the highest common divisor of 637 and 784?
49
What is the highest common divisor of 5256 and 73?
73
Calculate the highest common divisor of 143 and 3575.
143
What is the greatest common divisor of 490 and 15925?
245
Calculate the highest common factor of 53 and 1.
1
What is the greatest common factor of 43527 and 33?
33
What is the highest common divisor of 2 and 242?
2
Calculate the highest common divisor of 506 and 874.
46
Calculate the highest common divisor of 8047 and 13.
13
What is the highest common factor of 1458 and 2?
2
Calculate the greatest common factor of 30 and 140.
10
What is the highest common divisor of 784 and 147?
49
What is the greatest common divisor of 528 and 96?
48
Calculate the greatest common factor of 21 and 984.
3
What is the highest common factor of 2430 and 720?
90
Calculate the highest common factor of 42 and 1218.
42
Calculate the highest common divisor of 42 and 224.
14
What is the greatest common factor of 4485 and 273?
39
Calculate the highest common divisor of 11696 and 32.
16
Calculate the highest common divisor of 155 and 10.
5
What is the greatest common factor of 5513 and 149?
149
Calculate the highest common divisor of 84 and 441.
21
Calculate the highest common factor of 2 and 146.
2
What is the greatest common divisor of 765 and 561?
51
Calculate the greatest common divisor of 18 and 252.
18
Calculate the highest common factor of 3876 and 32.
4
Calculate the highest common factor of 119 and 36533.
119
What is the highest common factor of 988 and 208?
52
Calculate the greatest common divisor of 380 and 1216.
76
What is the highest common divisor of 2975 and 340?
85
What is the greatest common divisor of 32 and 544?
32
Calculate the greatest common divisor of 101 and 2929.
101
Calculate the highest common factor of 26 and 533.
13
What is the greatest common divisor of 1045 and 88?
11
What is the highest common factor of 7682 and 276?
46
Calculate the greatest common divisor of 699 and 3.
3
Calculate the greatest common divisor of 37773 and 27.
27
What is the greatest common divisor of 738 and 36?
18
What is the greatest common divisor of 234 and 216?
18
What is the greatest common divisor of 2067 and 117?
39
What is the greatest common divisor of 1995 and 12540?
285
What is the highest common divisor of 19 and 551?
19
What is the greatest common divisor of 13 and 52?
13
Calculate the highest common factor of 1052 and 16569.
263
What is the highest common divisor of 26 and 559?
13
Calculate the greatest common factor of 341 and 1364.
341
What is the greatest common factor of 969 and 102?
51
What is the highest common divisor of 1715 and 5?
5
What is the highest common divisor of 40 and 48?
8
Calculate the greatest common factor of 7467 and 262.
131
Calculate the highest common divisor of 54 and 189.
27
Calculate the highest common divisor of 16 and 80.
16
Calculate the greatest common factor of 4 and 1152.
4
What is the highest common divisor of 54 and 22?
2
What is the highest common factor of 24 and 21?
3
Calculate the highest common factor of 165 and 297.
33
Calculate the highest common factor of 105 and 273.
21
Calculate the highest common divisor of 789 and 9.
3
What is the greatest common divisor of 26 and 104?
26
What is the greatest common divisor of 8 and 14848?
8
Calculate the highest common divisor of 138 and 11178.
138
Calculate the greatest common divisor of 576 and 64.
64
What is the greatest common factor of 28 and 994?
14
Calculate the greatest common factor of 162 and 7398.
54
What is the highest common factor of 19 and 3?
1
What is the highest common divisor of 6 and 129?
3
What is the highest common factor of 272 and 16?
16
What is the greatest common divisor of 2538 and 522?
18
Calculate the highest common factor of 260 and 325.
65
Calculate the greatest common factor of 255 and 425.
85
Calculate the greatest common factor of 16 and 5.
1
What is the greatest common factor of 908 and 18841?
227
Calculate the highest common factor of 1 and 8.
1
Calculate the highest common factor of 225 and 300.
75
Calculate the greatest common divisor of 108 and 144.
36
What is the greatest common factor of 73 and 18469?
73
Calculate the highest common factor of 966 and 115.
23
What is the highest common divisor of 5835 and 45?
15
Calculate the greatest common divisor of 6223 and 127.
127
Calculate the highest common factor of 110 and 242.
22
What is the greatest common factor of 45 and 45?
45
Calculate the highest common divisor of 5 and 1585.
5
Calculate the highest common divisor of 2 and 23.
1
Calculate the